posite?
True
Is 11677 composite?
False
Is 793855 a prime number?
False
Is 1420259 prime?
True
Is 99733 prime?
True
Is 10522 composite?
True
Is 396997 a composite number?
False
Is 16487 prime?
True
Is 152333 a composite number?
True
Is 53981 a prime number?
False
Is 8039 a composite number?
False
Is 4781 prime?
False
Is 99317 a prime number?
True
Is 577 a composite number?
False
Is 5545 composite?
True
Is 407447 a composite number?
True
Is 467909 prime?
False
Is 483983 a composite number?
True
Is 1007969 composite?
True
Is 4861 prime?
True
Is 17681 a composite number?
False
Is 19571 a composite number?
False
Is 11855 prime?
False
Is 156467 composite?
False
Is 721211 prime?
False
Is 21269 prime?
True
Is 1104311 a prime number?
False
Is 41329 a composite number?
True
Is 283967 a prime number?
False
Is 27941 a prime number?
True
Is 969854 a composite number?
True
Is 606647 composite?
True
Is 27103 prime?
True
Is 554509 a composite number?
True
Is 8143 composite?
True
Is 112663 a prime number?
True
Is 10073 composite?
True
Is 304087 a prime number?
False
Is 22501 a composite number?
False
Is 8287 a prime number?
True
Is 56659 prime?
True
Is 27601 composite?
True
Is 1481 composite?
False
Is 140149 a prime number?
False
Is 166373 prime?
False
Is 28654 prime?
False
Is 863 a composite number?
False
Is 23797 prime?
False
Is 22049 a composite number?
True
Is 1753 a prime number?
True
Is 19267 composite?
False
Is 32203 composite?
False
Is 41281 prime?
True
Is 24029 a composite number?
False
Is 148123 composite?
False
Is 374691 a prime number?
False
Is 544217 a prime number?
False
Is 189241 a prime number?
False
Is 3065 composite?
True
Is 22261 composite?
True
Is 13519 composite?
True
Is 27395 prime?
False
Is 63807 prime?
False
Is 115051 composite?
True
Is 559 a composite number?
True
Is 320686 a composite number?
True
Is 158803 composite?
False
Is 931487 composite?
False
Is 6749 a composite number?
True
Is 978179 composite?
False
Is 10369 a composite number?
False
Is 118103 a prime number?
False
Is 39099 prime?
False
Is 419 a composite number?
False
Is 1835 a prime number?
False
Is 479059 composite?
True
Is 705521 a prime number?
True
Is 77069 a composite number?
False
Is 44101 a prime number?
True
Is 43933 composite?
False
Is 17059 a composite number?
True
Is 8711 prime?
False
Is 2605 a composite number?
True
Is 7001 a prime number?
True
Is 625985 prime?
False
Is 35603 a composite number?
False
Is 781 a prime number?
False
Is 6247 a prime number?
True
Is 1097 a prime number?
True
Is 14363 prime?
False
Is 10862 prime?
False
Is 331 a prime number?
True
Is 78493 a prime number?
False
Is 12821 a prime number?
True
Is 41827 a prime number?
False
Is 8641 composite?
False
Is 153922 prime?
False
Is 22829 composite?
True
Is 50789 composite?
False
Is 10433 a prime number?
True
Is 15769 a prime number?
False
Is 659059 prime?
True
Is 851 a composite number?
True
Is 1067 composite?
True
Is 8039 a prime number?
True
Is 1049 prime?
True
Is 60205 prime?
False
Is 4666 a composite number?
True
Is 800641 a prime number?
False
Is 1500115 composite?
True
Is 1149283 composite?
False
Is 3768257 prime?
True
Is 217913 composite?
True
Is 44245 a composite number?
True
Is 209513 prime?
False
Is 869 a composite number?
True
Is 337729 composite?
True
Is 84922 a composite number?
True
Is 767 composite?
True
Is 21089 a prime number?
True
Is 3943 a prime number?
True
Is 54851 composite?
False
Is 1657 a prime number?
True
Is 4501 composite?
True
Is 182333 composite?
False
Is 140183 a composite number?
True
Is 215801 a prime number?
True
Is 292661 a prime number?
True
Is 9197 composite?
True
Is 61909 prime?
True
Is 2857 prime?
True
Is 123229 prime?
True
Is 1151 prime?
True
Is 270005 composite?
True
Is 11579 a prime number?
True
Is 31549 prime?
False
Is 58889 a prime number?
True
Is 119959 a composite number?
True
Is 214391 prime?
True
Is 100731 a composite number?
True
Is 2963 prime?
True
Is 5241 composite?
True
Is 1050473 a prime number?
True
Is 220217 composite?
False
Is 63043 prime?
False
Is 68371 prime?
True
Is 2949 a prime number?
False
Is 85193 composite?
False
Is 292337 a composite number?
True
Is 11911 a prime number?
False
Is 10462 composite?
True
Is 475457 a composite number?
False
Is 292037 a prime number?
True
Is 338119 a prime number?
True
Is 30241 a composite number?
False
Is 329965 a prime number?
False
Is 7123 composite?
True
Is 35051 composite?
False
Is 173515 composite?
True
Is 17035 prime?
False
Is 18227 prime?
False
Is 505389 composite?
True
Is 71431 prime?
False
Is 103079 a composite number?
False
Is 128789 a composite number?
True
Is 104163 composite?
True
Is 1733 a composite number?
False
Is 2729 a prime number?
True
Is 9469 prime?
False
Is 96043 prime?
True
Is 1082 composite?
True
Is 72613 a composite number?
False
Is 62969 a prime number?
True
Is 291849 a prime number?
False
Is 1213 a composite number?
False
Is 880793 a prime number?
True
Is 30203 composite?
False
Is 130855 a composite number?
True
Is 11369 composite?
False
Is 51533 composite?
True
Is 70289 a prime number?
True
Is 2333 a prime number?
True
Is 5981 a prime number?
True
Is 23053 composite?
False
Is 1631791 composite?
True
Is 104891 prime?
True
Is 146 a composite number?
True
Is 498073 prime?
True
Is 86503 prime?
False
Is 9491 a prime number?
True
Is 12251 a composite number?
False
Is 1201 composite?
False
Is 221047 a prime number?
True
Is 5667 prime?
False
Is 986227 a prime number?
False
Is 10651 a composite number?
False
Is 3719 prime?
True
Is 807223 prime?
False
Is 787 prime?
True
Is 35067 a composite number?
True
Is 450293 a prime number?
True
Is 177109 prime?
True
Is 1347067 a composite number?
True
Is 10847 a composite number?
False
Is 23843 a prime number?
False
Is 802231 composite?
False
Is 44053 a prime number?
True
Is 59739 composite?
True
Is 28993 a prime number?
False
Is 9239 a composite number?
False
Is 223207 a composite number?
False
Is 39619 prime?
True
Is 35671 prime?
True
Is 137559 a prime number?
False
Is 22387 a composite number?
True
Is 20555 a prime number?
False
Is 619831 a prime number?
True
Is 6287 a composite number?
False
Is 64097 a prime number?
False
Is 11327 a composite number?
True
Is 155191 composite?
False
Is 433977 prime?
False
Is 180199 prime?
False
Is 512165 a composite number?
True
Is 1195 prime?
False
Is 24313 a composite number?
True
Is 432959 prime?
True
Is 118381 a prime number?
False
Is 12539 composite?
False
Is 6071 a composite number?
True
Is 462263 a prime number?
True
Is 17707 a composite number?
False
Is 1923961 prime?
False
Is 3039 a composite number?
True
Is 73183 a composite number?
True
Is 5321 composite?
True
Is 6247 prime?
True
Is 8885 prime?
False
Is 3127 composite?
True
Is 4547 a prime number?
True
Is 27791 composite?
False
Is 1096471 a prime number?
False
Is 609571 a composite number?
False
Is 13811 a composite number?
True
Is 38866 a prime number?
False
Is 2777 prime?
True
Is 792541 composite?
True
Is 3299 prime?
True
Is 12443 a prime number?
False
Is 421019 a composite number?
False
Is 197749 a composite number?
True
Is 126067 a composite number?
False
Is 856541 prime?
False
Is 41719 a prime number?
True
Is 3013 composite?
True
Is 899193 a prime number?
False
Is 19631 prime?
False
Is 7283 prime?
True
Is 225571 prime?
False
Is 233989 a composite number?
True
Is 244781 a prime number?
True
Is 1931 a prime number?
True
Is 332251 composite?
False
Is 551483 composite?
False
Is 8399 a composite number?
True
Is 55291 a prime number?
True
Is 1399415 a prime number?
False
Is 839 a composite number?
False
Is 11197 prime?
True
Is 1016453 prime?
True
Is 489 composite?
True
Is 15767 a composite number?
False
Is 16679 a prime number?
False
Is 35069 prime?
True
Is 623449 prime?
False
Is 313141 composite?
True
Is 13169 prime?
False
Is 799003 composite?
False
Is 13885 composite?
True
Is 1027 a composite number?
True
Is 310223 a composite number?
False
Is 10313 composite?
False
Is 20017 a prime number?
False
Is 67601 a composite number?
False
Is 107983 a composite number?
True
Is 132259 prime?
False
Is 113653 a prime number?
False
Is 1649 a composite number?
True
Is 125497 prime?
True
Is 2411 a prime number?
True
Is 406655 a composite number?
True
Is 1595